hat are the prime factors of 82302?
2, 3, 11, 29, 43
List the prime factors of 1266.
2, 3, 211
What are the prime factors of 3850?
2, 5, 7, 11
What are the prime factors of 18955?
5, 17, 223
What are the prime factors of 1514?
2, 757
List the prime factors of 6162.
2, 3, 13, 79
What are the prime factors of 2147?
19, 113
What are the prime factors of 126?
2, 3, 7
List the prime factors of 2595.
3, 5, 173
What are the prime factors of 1711?
29, 59
What are the prime factors of 52237?
52237
What are the prime factors of 1295?
5, 7, 37
List the prime factors of 5571.
3, 619
List the prime factors of 680.
2, 5, 17
List the prime factors of 3482.
2, 1741
List the prime factors of 18624.
2, 3, 97
List the prime factors of 37838.
2, 18919
List the prime factors of 2026.
2, 1013
What are the prime factors of 1479?
3, 17, 29
What are the prime factors of 4745?
5, 13, 73
What are the prime factors of 3080?
2, 5, 7, 11
List the prime factors of 34932.
2, 3, 41, 71
What are the prime factors of 3990?
2, 3, 5, 7, 19
What are the prime factors of 3876?
2, 3, 17, 19
List the prime factors of 47275.
5, 31, 61
What are the prime factors of 40942?
2, 11, 1861
What are the prime factors of 315?
3, 5, 7
What are the prime factors of 31958?
2, 19, 29
List the prime factors of 2028.
2, 3, 13
List the prime factors of 1313.
13, 101
List the prime factors of 347.
347
List the prime factors of 5555.
5, 11, 101
List the prime factors of 1363.
29, 47
List the prime factors of 50331.
3, 19, 883
What are the prime factors of 17461?
19, 919
What are the prime factors of 22393?
7, 457
What are the prime factors of 625?
5
List the prime factors of 2222.
2, 11, 101
What are the prime factors of 27181?
7, 11, 353
List the prime factors of 4043.
13, 311
What are the prime factors of 61787?
11, 41, 137
What are the prime factors of 1461?
3, 487
What are the prime factors of 6078?
2, 3, 1013
What are the prime factors of 5822?
2, 41, 71
What are the prime factors of 15?
3, 5
List the prime factors of 24896.
2, 389
What are the prime factors of 4798?
2, 2399
What are the prime factors of 1208?
2, 151
What are the prime factors of 9640?
2, 5, 241
What are the prime factors of 16928?
2, 23
What are the prime factors of 18101?
23, 787
List the prime factors of 19309.
19309
What are the prime factors of 2435?
5, 487
What are the prime factors of 2437?
2437
List the prime factors of 12633.
3, 4211
What are the prime factors of 13888?
2, 7, 31
What are the prime factors of 1494?
2, 3, 83
List the prime factors of 49839.
3, 37, 449
List the prime factors of 9297.
3, 1033
What are the prime factors of 39921?
3, 7, 1901
List the prime factors of 4749.
3, 1583
List the prime factors of 171.
3, 19
List the prime factors of 141148.
2, 7, 71
What are the prime factors of 6001?
17, 353
What are the prime factors of 31735?
5, 11, 577
What are the prime factors of 4464?
2, 3, 31
List the prime factors of 7287.
3, 7, 347
List the prime factors of 49590.
2, 3, 5, 19, 29
List the prime factors of 18194.
2, 11, 827
List the prime factors of 12412.
2, 29, 107
What are the prime factors of 1016?
2, 127
What are the prime factors of 5905?
5, 1181
List the prime factors of 10687.
10687
List the prime factors of 4838.
2, 41, 59
List the prime factors of 460.
2, 5, 23
What are the prime factors of 1392?
2, 3, 29
List the prime factors of 5124.
2, 3, 7, 61
List the prime factors of 24858.
2, 3, 1381
What are the prime factors of 89997?
3, 131, 229
What are the prime factors of 2827?
11, 257
List the prime factors of 21083.
29, 727
List the prime factors of 2485.
5, 7, 71
List the prime factors of 1585.
5, 317
List the prime factors of 26062.
2, 83, 157
List the prime factors of 393.
3, 131
What are the prime factors of 8413?
47, 179
List the prime factors of 11451.
3, 11, 347
What are the prime factors of 1737?
3, 193
List the prime factors of 92028.
2, 3, 7669
What are the prime factors of 11629?
29, 401
List the prime factors of 3051.
3, 113
List the prime factors of 3284.
2, 821
List the prime factors of 44238.
2, 3, 73, 101
List the prime factors of 1315.
5, 263
What are the prime factors of 1053?
3, 13
List the prime factors of 26114.
2, 11, 1187
List the prime factors of 1232.
2, 7, 11
What are the prime factors of 3355?
5, 11, 61
List the prime factors of 307.
307
What are the prime factors of 1852?
2, 463
List the prime factors of 1106.
2, 7, 79
What are the prime factors of 863?
863
What are the prime factors of 31655?
5, 13, 487
List the prime factors of 9825.
3, 5, 131
List the prime factors of 18991.
7, 2713
What are the prime factors of 23437?
23, 1019
What are the prime factors of 133?
7, 19
List the prime factors of 978.
2, 3, 163
List the prime factors of 69796.
2, 17449
What are the prime factors of 1065?
3, 5, 71
List the prime factors of 8784.
2, 3, 61
List the prime factors of 970.
2, 5, 97
List the prime factors of 2477.
2477
What are the prime factors of 1140?
2, 3, 5, 19
What are the prime factors of 11593?
11593
List the prime factors of 2374.
2, 1187
List the prime factors of 1746.
2, 3, 97
What are the prime factors of 70344?
2, 3, 977
What are the prime factors of 1370?
2, 5, 137
What are the prime factors of 967?
967
What are the prime factors of 1388?
2, 347
List the prime factors of 2081.
2081
List the prime factors of 13983.
3, 59, 79
What are the prime factors of 455?
5, 7, 13
What are the prime factors of 114906?
2, 3, 11, 1741
List the prime factors of 345.
3, 5, 23
List the prime factors of 335.
5, 67
List the prime factors of 39886.
2, 7, 11, 37
List the prime factors of 1849.
43
List the prime factors of 1552.
2, 97
List the prime factors of 27982.
2, 17, 823
What are the prime factors of 5659?
5659
List the prime factors of 5399.
5399
What are the prime factors of 183?
3, 61
What are the prime factors of 7339?
41, 179
List the prime factors of 3977.
41, 97
What are the prime factors of 3435?
3, 5, 229
What are the prime factors of 4657?
4657
List the prime factors of 33299.
7, 67, 71
List the prime factors of 898.
2, 449
List the prime factors of 1331.
11
List the prime factors of 23584.
2, 11, 67
List the prime factors of 9241.
9241
List the prime factors of 18295.
5, 3659
What are the prime factors of 1410?
2, 3, 5, 47
What are the prime factors of 12062?
2, 37, 163
List the prime factors of 3711.
3, 1237
What are the prime factors of 17384?
2, 41, 53
What are the prime factors of 3064?
2, 383
What are the prime factors of 4323?
3, 11, 131
What are the prime factors of 11337?
3, 3779
List the prime factors of 13171.
13171
What are the prime factors of 2018?
2, 1009
List the prime factors of 13889.
17, 19, 43
List the prime factors of 10910.
2, 5, 1091
What are the prime factors of 7413?
3, 7, 353
What are the prime factors of 472?
2, 59
List the prime factors of 88874.
2, 37, 1201
What are the prime factors of 155967?
3, 7, 1061
What are the prime factors of 269?
269
What are the prime factors of 1369?
37
What are the prime factors of 11023?
73, 151
What are the prime factors of 18437?
103, 179
List the prime factors of 838.
2, 419
What are the prime factors of 3364?
2, 29
What are the prime factors of 4338?
2, 3, 241
What are the prime factors of 43617?
3, 7, 31, 67
What are the prime factors of 15713?
19, 827
What are the prime factors of 3537?
3, 131
List the prime factors of 1425.
3, 5, 19
What are the prime factors of 2347?
2347
List the prime factors of 1453.
1453
List the prime factors of 1160.
2, 5, 29
What are the prime factors of 552?
2, 3, 23
List the prime factors of 7460.
2, 5, 373
List the prime factors of 26876.
2, 6719
What are the prime factors of 10585?
5, 29, 73
List the prime factors of 55637.
23, 41, 59
List the prime factors of 19522.
2, 43, 227
What are the prime factors of 143888?
2, 17, 23
What are the prime factors of 35?
5, 7
What are the prime factors of 191709?
3, 7, 17, 179
List the prime factors of 125107.
125107
What are the prime factors of 44837?
13, 3449
List the prime factors of 58929.
3, 13, 1511
List the prime factors of 68365.
5, 11, 113
List the prime factors of 5110.
2, 5, 7, 73
List the prime factors of 33347.
33347
List the prime factors of 1546.
2, 773
List the prime factors of 8882.
2, 4441
What are the prime factors o